prime?
False
Is 21135997417 a prime number?
True
Is 4464088649 a prime number?
False
Is 589667363 a composite number?
False
Is 6700752237 prime?
False
Is 852972931 prime?
False
Is 95586470561 a composite number?
False
Is 976766353 a composite number?
True
Is 156793577 prime?
True
Is 4432196623 prime?
False
Is 154437329 prime?
True
Is 12103747 a prime number?
True
Is 4040398205 prime?
False
Is 2431041889 composite?
False
Is 883198273 prime?
True
Is 573320723 a composite number?
False
Is 57225167 a composite number?
False
Is 478112671 a prime number?
True
Is 5666767 prime?
True
Is 69729418979 a prime number?
False
Is 2752618003 composite?
True
Is 1454993599 prime?
True
Is 973399957 prime?
False
Is 41089966457 a composite number?
False
Is 2473222061 a prime number?
True
Is 1299337033 a prime number?
True
Is 7179881447 prime?
False
Is 23045091967 composite?
True
Is 322424489 prime?
True
Is 1072625443 a prime number?
True
Is 1092412447 a prime number?
False
Is 3655290757 prime?
True
Is 3460026629 a composite number?
True
Is 3333442633 a prime number?
True
Is 19697348669 a prime number?
True
Is 1868361839 prime?
True
Is 21048659 a prime number?
False
Is 804632963 composite?
True
Is 9278246183 composite?
False
Is 806562157 a composite number?
True
Is 9102335303 a prime number?
True
Is 1554458713 prime?
False
Is 261431057 prime?
False
Is 3011163017 composite?
True
Is 169292991547 a prime number?
True
Is 1901243177 prime?
True
Is 1021073213 composite?
False
Is 149837999 prime?
True
Is 237832921 composite?
False
Is 10985583083 a prime number?
False
Is 79034773 composite?
True
Is 6986519909 a composite number?
False
Is 11294210197 a prime number?
True
Is 118670214797 a prime number?
True
Is 1611296971 composite?
True
Is 10831100561 prime?
True
Is 6370623043 prime?
False
Is 159607722737 composite?
False
Is 553196403193 a prime number?
False
Is 40088777 a composite number?
False
Is 22778631467 composite?
False
Is 173077589 prime?
True
Is 31244067181 prime?
True
Is 1779208177 a prime number?
False
Is 1856009707 a prime number?
True
Is 14869364099 prime?
True
Is 80553640799 prime?
False
Is 114526513 a composite number?
False
Is 729566455 a composite number?
True
Is 1303765999 prime?
True
Is 16973491001 prime?
False
Is 698592827 prime?
True
Is 961393777 a prime number?
True
Is 7273929853 a composite number?
True
Is 8928207517 a prime number?
False
Is 506689753 prime?
True
Is 65694165473 composite?
False
Is 2375210245 a composite number?
True
Is 3694371943 composite?
True
Is 554186657 composite?
True
Is 3170910647 prime?
True
Is 12140828129 prime?
True
Is 23152896133 composite?
False
Is 1440146641 prime?
False
Is 1156290533 a composite number?
True
Is 16314917209 a prime number?
False
Is 9128126543 a composite number?
True
Is 5574663947 a prime number?
True
Is 3150682501 a prime number?
True
Is 1206650489 a composite number?
True
Is 12894019 a prime number?
False
Is 2605768709 a composite number?
False
Is 9949939973 a composite number?
False
Is 7240944941 a composite number?
False
Is 1117199287 a prime number?
True
Is 2827907977 composite?
True
Is 494623141 composite?
True
Is 1776180074 a composite number?
True
Is 40308021563 composite?
True
Is 382717183 composite?
False
Is 2187232802 composite?
True
Is 6925998803 composite?
True
Is 71744699489 composite?
False
Is 1309678819 a prime number?
True
Is 3606854719 prime?
False
Is 11947760011 prime?
False
Is 187307126529 composite?
True
Is 17486436271 composite?
False
Is 5412167531 prime?
False
Is 226754399 composite?
False
Is 7195184761 a prime number?
False
Is 49686905665 a composite number?
True
Is 1790835967 prime?
False
Is 500476631 a composite number?
True
Is 2853929993 a prime number?
False
Is 1622120897 prime?
False
Is 207625423 prime?
False
Is 57134984441 prime?
False
Is 2557929611 a prime number?
False
Is 1724839939 a composite number?
False
Is 831706763 composite?
False
Is 146051565683 a prime number?
False
Is 1257665923 prime?
True
Is 7611656771 prime?
True
Is 10775968495 composite?
True
Is 8686713979 composite?
False
Is 314655448933 a prime number?
False
Is 1993632281 prime?
True
Is 79050228589 prime?
True
Is 86705497 prime?
True
Is 2463513593 a prime number?
False
Is 36942684199 prime?
True
Is 114904877 prime?
True
Is 6443538295 a prime number?
False
Is 793383527 a composite number?
True
Is 3684515987 a composite number?
True
Is 164703967 a composite number?
False
Is 693457159 composite?
False
Is 20598424423 prime?
True
Is 83085331009 a composite number?
False
Is 10686714097 composite?
True
Is 1695621547 a composite number?
False
Is 1250735027 a prime number?
True
Is 2641169438 a prime number?
False
Is 4049466929 a prime number?
False
Is 14059987463 a prime number?
False
Is 22723898449 a prime number?
False
Is 5232559559 a composite number?
False
Is 40743370522 a composite number?
True
Is 3948642613 a prime number?
True
Is 1244578709 a composite number?
True
Is 509062061 composite?
True
Is 524309537 composite?
True
Is 5641259089 a composite number?
True
Is 84944347 composite?
False
Is 1437529879 a composite number?
False
Is 391003493 a prime number?
True
Is 493579589 a composite number?
True
Is 19398451433 a prime number?
True
Is 1646777807 prime?
True
Is 222614947 composite?
False
Is 13623483389 a prime number?
True
Is 2225709523 prime?
False
Is 1146090947 a composite number?
True
Is 96248219 composite?
False
Is 193562069 a composite number?
False
Is 3197907121 prime?
True
Is 342817471 prime?
False
Is 935542089439 a prime number?
True
Is 10749958367 a prime number?
True
Is 870467173 a prime number?
True
Is 5279993237 composite?
False
Is 106895047459 prime?
False
Is 1383818237 a prime number?
True
Is 4846185259 a composite number?
True
Is 4128730181 a prime number?
False
Is 1497995281 composite?
False
Is 7862925107 composite?
True
Is 8308286517 a composite number?
True
Is 20483767477 prime?
False
Is 186170368019 composite?
False
Is 1950068641 a prime number?
False
Is 30208706743 a prime number?
True
Is 3108161453 prime?
False
Is 104388180821 composite?
False
Is 1021203283 a prime number?
True
Is 106773573841 prime?
False
Is 313556933 a composite number?
True
Is 7203145409 a prime number?
True
Is 307138537 a prime number?
True
Is 90824320441 composite?
False
Is 2656299683 prime?
False
Is 55340511643 prime?
False
Is 432302281 a composite number?
True
Is 563885429 composite?
False
Is 7247428739 prime?
False
Is 8297899381 composite?
True
Is 34982833 prime?
True
Is 4133492071 a composite number?
True
Is 771254831 a composite number?
False
Is 108265243 composite?
False
Is 2072244679 a prime number?
True
Is 292549969 a composite number?
False
Is 119295115703 prime?
False
Is 6518453 composite?
True
Is 538267789 a prime number?
True
Is 690635213 prime?
True
Is 18435399167 composite?
True
Is 558395129 a prime number?
False
Is 1479642383 prime?
False
Is 54797789 prime?
True
Is 762688843 a prime number?
False
Is 78850152961 a prime number?
True
Is 824123381 composite?
False
Is 13225791877 a composite number?
False
Is 2193735737 a prime number?
False
Is 657510487 prime?
False
Is 1153573361 a composite number?
False
Is 56189173799 prime?
False
Is 37788647497 a prime number?
False
Is 1055883601 a composite number?
True
Is 339471959 a prime number?
False
Is 3919413406 prime?
False
Is 1234931773 a prime number?
False
Is 100707527 a prime number?
True
Is 3965912239 composite?
False
Is 643811659 prime?
True
Is 8793919529 prime?
True
Is 20443041239 prime?
True
Is 83582039 a composite number?
False
Is 72455244751 a composite number?
False
Is 188387305 a composite number?
True
Is 1078321291 a prime number?
False
Is 1286050703 a composite number?
True
Is 880388791 a prime number?
True
Is 94539343939 prime?
True
Is 10747339597 a composite number?
False
Is 1473083083 composite?
True
Is 76321503523 composite?
False
Is 722124799 composite?
True
Is 1442545015 composite?
True
Is 1374599249 a prime number?
True
Is 23790031039 a composite number?
True
Is 42421662401 a prime number?
True
Is 73848119 a prime number?
False
Is 455529964051 a composite number?
False
Is 54001465459 composite?
False
Is 7812895757 a prime number?
False
Is 491183317 a prime number?
True
Is 11778497061 composite?
True
Is 394506181 a composite number?
Tru